actors of 2400?
2, 3, 5
What are the prime factors of 7530?
2, 3, 5, 251
What are the prime factors of 53293?
137, 389
What are the prime factors of 95?
5, 19
List the prime factors of 101.
101
What are the prime factors of 9755?
5, 1951
List the prime factors of 17886.
2, 3, 11, 271
What are the prime factors of 4201?
4201
What are the prime factors of 4289?
4289
What are the prime factors of 1272?
2, 3, 53
What are the prime factors of 5566?
2, 11, 23
What are the prime factors of 29784?
2, 3, 17, 73
What are the prime factors of 44529?
3, 14843
List the prime factors of 4278.
2, 3, 23, 31
List the prime factors of 1313.
13, 101
List the prime factors of 717.
3, 239
List the prime factors of 4335.
3, 5, 17
What are the prime factors of 13736?
2, 17, 101
What are the prime factors of 554?
2, 277
List the prime factors of 27193.
71, 383
List the prime factors of 5814.
2, 3, 17, 19
List the prime factors of 45183.
3, 15061
List the prime factors of 5322.
2, 3, 887
What are the prime factors of 1105?
5, 13, 17
List the prime factors of 3778.
2, 1889
List the prime factors of 32080.
2, 5, 401
What are the prime factors of 81961?
11, 7451
What are the prime factors of 29407?
7, 4201
What are the prime factors of 11600?
2, 5, 29
What are the prime factors of 938?
2, 7, 67
List the prime factors of 127896.
2, 3, 73
List the prime factors of 941.
941
What are the prime factors of 11783?
11783
List the prime factors of 101932.
2, 17, 1499
List the prime factors of 21854.
2, 7, 223
List the prime factors of 19175.
5, 13, 59
What are the prime factors of 14814?
2, 3, 823
List the prime factors of 97691.
11, 83, 107
List the prime factors of 905.
5, 181
What are the prime factors of 9925?
5, 397
What are the prime factors of 118869?
3, 39623
List the prime factors of 10988.
2, 41, 67
List the prime factors of 1414.
2, 7, 101
What are the prime factors of 4306?
2, 2153
What are the prime factors of 33371?
13, 17, 151
List the prime factors of 6543.
3, 727
What are the prime factors of 932?
2, 233
What are the prime factors of 1713?
3, 571
What are the prime factors of 8936?
2, 1117
What are the prime factors of 932?
2, 233
What are the prime factors of 1148?
2, 7, 41
What are the prime factors of 11881?
109
List the prime factors of 9701.
89, 109
What are the prime factors of 377?
13, 29
What are the prime factors of 10592?
2, 331
List the prime factors of 3999.
3, 31, 43
List the prime factors of 11533.
19, 607
List the prime factors of 7416.
2, 3, 103
What are the prime factors of 32995?
5, 6599
What are the prime factors of 10836?
2, 3, 7, 43
What are the prime factors of 3790?
2, 5, 379
What are the prime factors of 1635?
3, 5, 109
List the prime factors of 24154.
2, 13, 929
What are the prime factors of 6238?
2, 3119
List the prime factors of 3399.
3, 11, 103
List the prime factors of 765.
3, 5, 17
What are the prime factors of 49295?
5, 9859
What are the prime factors of 15608?
2, 1951
List the prime factors of 1844.
2, 461
List the prime factors of 3599.
59, 61
What are the prime factors of 188621?
188621
What are the prime factors of 16160?
2, 5, 101
What are the prime factors of 2705?
5, 541
What are the prime factors of 41688?
2, 3, 193
What are the prime factors of 457?
457
List the prime factors of 102916.
2, 11, 2339
What are the prime factors of 4967?
4967
What are the prime factors of 445?
5, 89
What are the prime factors of 4828?
2, 17, 71
List the prime factors of 5206.
2, 19, 137
List the prime factors of 1872.
2, 3, 13
List the prime factors of 286.
2, 11, 13
What are the prime factors of 1953?
3, 7, 31
List the prime factors of 10243.
10243
What are the prime factors of 15623?
17, 919
List the prime factors of 7650.
2, 3, 5, 17
What are the prime factors of 1310?
2, 5, 131
What are the prime factors of 49207?
49207
List the prime factors of 103531.
19, 5449
What are the prime factors of 23895?
3, 5, 59
What are the prime factors of 1014?
2, 3, 13
List the prime factors of 5832.
2, 3
What are the prime factors of 2571?
3, 857
What are the prime factors of 13108?
2, 29, 113
List the prime factors of 15190.
2, 5, 7, 31
List the prime factors of 10757.
31, 347
List the prime factors of 12782.
2, 7, 11, 83
List the prime factors of 41546.
2, 20773
List the prime factors of 8000.
2, 5
List the prime factors of 11381.
19, 599
What are the prime factors of 65201?
113, 577
List the prime factors of 96077.
29, 3313
What are the prime factors of 608?
2, 19
What are the prime factors of 12224?
2, 191
List the prime factors of 257.
257
List the prime factors of 531.
3, 59
What are the prime factors of 2988?
2, 3, 83
List the prime factors of 1973.
1973
What are the prime factors of 34990?
2, 5, 3499
List the prime factors of 13258.
2, 7, 947
List the prime factors of 50563.
59, 857
List the prime factors of 8321.
53, 157
What are the prime factors of 71771?
7, 10253
What are the prime factors of 745?
5, 149
What are the prime factors of 28?
2, 7
What are the prime factors of 2126?
2, 1063
What are the prime factors of 137517?
3, 23, 1993
List the prime factors of 3414.
2, 3, 569
What are the prime factors of 7193?
7193
What are the prime factors of 2331?
3, 7, 37
What are the prime factors of 22818?
2, 3, 3803
What are the prime factors of 20260?
2, 5, 1013
List the prime factors of 17288.
2, 2161
What are the prime factors of 2090?
2, 5, 11, 19
What are the prime factors of 28024?
2, 31, 113
What are the prime factors of 146?
2, 73
What are the prime factors of 139059?
3, 15451
List the prime factors of 1386.
2, 3, 7, 11
What are the prime factors of 98116?
2, 19, 1291
List the prime factors of 41080.
2, 5, 13, 79
List the prime factors of 135869.
19, 7151
List the prime factors of 1126.
2, 563
List the prime factors of 110671.
11, 10061
List the prime factors of 5001.
3, 1667
List the prime factors of 24413.
24413
List the prime factors of 26475.
3, 5, 353
List the prime factors of 138.
2, 3, 23
What are the prime factors of 5893?
71, 83
List the prime factors of 8900.
2, 5, 89
List the prime factors of 4196.
2, 1049
What are the prime factors of 1365?
3, 5, 7, 13
What are the prime factors of 107845?
5, 21569
What are the prime factors of 9847?
43, 229
What are the prime factors of 1380?
2, 3, 5, 23
List the prime factors of 46451.
46451
What are the prime factors of 3553?
11, 17, 19
What are the prime factors of 8038?
2, 4019
List the prime factors of 11485.
5, 2297
List the prime factors of 32912.
2, 11, 17
What are the prime factors of 71123?
13, 5471
What are the prime factors of 3968?
2, 31
List the prime factors of 14227.
41, 347
What are the prime factors of 2023?
7, 17
What are the prime factors of 2273?
2273
What are the prime factors of 4106?
2, 2053
What are the prime factors of 37634?
2, 31, 607
What are the prime factors of 19069?
19069
What are the prime factors of 45815?
5, 7, 11, 17
What are the prime factors of 5131?
7, 733
List the prime factors of 1789.
1789
What are the prime factors of 6262?
2, 31, 101
List the prime factors of 11559.
3, 3853
List the prime factors of 116505.
3, 5, 863
List the prime factors of 12556.
2, 43, 73
What are the prime factors of 1444?
2, 19
What are the prime factors of 5711?
5711
What are the prime factors of 66380?
2, 5, 3319
List the prime factors of 22916.
2, 17, 337
What are the prime factors of 32919?
3, 10973
What are the prime factors of 25556?
2, 6389
What are the prime factors of 21880?
2, 5, 547
What are the prime factors of 66965?
5, 59, 227
What are the prime factors of 3343?
3343
What are the prime factors of 712?
2, 89
What are the prime factors of 930?
2, 3, 5, 31
List the prime factors of 14921.
43, 347
List the prime factors of 4722.
2, 3, 787
List the prime factors of 1746.
2, 3, 97
What are the prime factors of 7695?
3, 5, 19
List the prime factors of 496.
2, 31
List the prime factors of 3654.
2, 3, 7, 29
List the prime factors of 14065.
5, 29, 97
What are the prime factors of 4339?
4339
What are the prime factors of 482?
2, 241
What are the prime factors of 8176?
2, 7, 73
What are the prime factors of 4066?
2, 19, 107
List the prime factors of 8480.
2, 5, 53
List the prime factors of 226.
2, 113
What are the prime factors of 473?
11, 43
What are the prime factors of 7029